{"id":229701,"date":"2022-06-15T17:18:38","date_gmt":"2022-06-15T17:18:38","guid":{"rendered":"https:\/\/manage.exporplas\/greentech-amsterdam-2022\/"},"modified":"2023-01-13T17:41:39","modified_gmt":"2023-01-13T17:41:39","slug":"greentech-amsterdam-2022","status":"publish","type":"page","link":"https:\/\/exporplas.pt\/pt-pt\/greentech-amsterdam-2022\/","title":{"rendered":"GreenTech Amsterdam 2022"},"content":{"rendered":"<p>[et_pb_section fb_built=&#8221;1&#8243; _builder_version=&#8221;4.16&#8243; _module_preset=&#8221;default&#8221; background_color=&#8221;#FFFFFF&#8221; background_color_gradient_start=&#8221;#ffffff&#8221; background_color_gradient_end=&#8221;#dddddd&#8221; z_index=&#8221;3&#8243; custom_margin=&#8221;||1px||false|false&#8221; custom_margin_tablet=&#8221;||180px||false|false&#8221; custom_margin_phone=&#8221;||170px||false|false&#8221; custom_margin_last_edited=&#8221;on|phone&#8221; custom_padding=&#8221;45px||45px||false|false&#8221; global_colors_info=&#8221;{}&#8221;][et_pb_row column_structure=&#8221;1_2,1_2&#8243; _builder_version=&#8221;4.17.4&#8243; _module_preset=&#8221;default&#8221; custom_padding=&#8221;0px|||||&#8221; locked=&#8221;off&#8221; global_colors_info=&#8221;{}&#8221;][et_pb_column type=&#8221;1_2&#8243; _builder_version=&#8221;4.16&#8243; _module_preset=&#8221;default&#8221; global_colors_info=&#8221;{}&#8221;][et_pb_image src=&#8221;https:\/\/exporplas.pt\/wp-content\/uploads\/2022\/06\/GREENTECH_2022.png&#8221; title_text=&#8221;GREENTECH_2022&#8243; _builder_version=&#8221;4.17.4&#8243; _module_preset=&#8221;default&#8221; global_colors_info=&#8221;{}&#8221;][\/et_pb_image][et_pb_text _builder_version=&#8221;4.18.1&#8243; _module_preset=&#8221;default&#8221; text_font=&#8221;|300|||||||&#8221; text_text_color=&#8221;#1174ee&#8221; text_font_size=&#8221;35px&#8221; text_line_height=&#8221;1.2em&#8221; header_3_font=&#8221;Montserrat|600|||||||&#8221; header_3_text_color=&#8221;#6CAF3F&#8221; header_3_font_size=&#8221;35px&#8221; text_orientation=&#8221;center&#8221; text_font_size_tablet=&#8221;35px&#8221; text_font_size_phone=&#8221;35px&#8221; text_font_size_last_edited=&#8221;on|phone&#8221; header_font_size_tablet=&#8221;&#8221; header_font_size_phone=&#8221;30px&#8221; header_font_size_last_edited=&#8221;on|phone&#8221; header_3_font_size_tablet=&#8221;35px&#8221; header_3_font_size_phone=&#8221;26px&#8221; header_3_font_size_last_edited=&#8221;on|phone&#8221; global_colors_info=&#8221;{}&#8221;]<\/p>\n<h3 style=\"text-align: left;\"><span class=\"TextRun SCXW255239684 BCX4\" lang=\"EN-GB\" xml:lang=\"EN-GB\" data-contrast=\"auto\"><span class=\"NormalTextRun SCXW255239684 BCX4\">EXPORPL\u00c1S\u00a0<\/span><\/span><span class=\"TextRun SCXW255239684 BCX4\" lang=\"EN-GB\" xml:lang=\"EN-GB\" data-contrast=\"auto\"><span class=\"NormalTextRun SCXW255239684 BCX4\">NA GREENTECH AMSTERDAM<\/span><\/span><\/h3>\n<p>[\/et_pb_text][et_pb_text _builder_version=&#8221;4.18.1&#8243; _module_preset=&#8221;default&#8221; header_font=&#8221;Montserrat||||||||&#8221; locked=&#8221;off&#8221; global_colors_info=&#8221;{}&#8221;]<\/p>\n<h1 style=\"text-align: left;\"><em>N\u00e3o \u00e9 t\u00e3o simples como se pensa!<\/em><\/h1>\n<p>\u00a0 Sabia que o fio hort\u00edcola antes de ser utilizado tem que cumprir uma s\u00e9rie de requisitos t\u00e9cnicos, que parecendo simples, fazem toda a diferen\u00e7a na sua performance? N\u00e3o \u00e9 t\u00e3o simples como se pensa.<\/p>\n<p>[\/et_pb_text][et_pb_text _builder_version=&#8221;4.17.4&#8243; _module_preset=&#8221;default&#8221; locked=&#8221;off&#8221; global_colors_info=&#8221;{}&#8221;]<\/p>\n<p><span class=\"NormalTextRun SCXW188059292 BCX4\">Caracter\u00edsticas como a resist\u00eancia ao desgaste, a capacidade de queda livre, a suavidade e flexibilidade ou a estabilidade na <\/span><span class=\"NormalTextRun SCXW188059292 BCX4\">prote\u00e7\u00e3o<\/span><span class=\"NormalTextRun SCXW188059292 BCX4\"> contra os raios UV, s\u00e3o parte da cont\u00ednua pesquisa e desenvolvimento do departamento de I&amp;D da EXPORPL\u00c1S.<\/span> \u00a0 Procuramos sempre melhorar o equil\u00edbrio entre todas as diversas propriedades que s\u00e3o determinantes na performance da nossa gama de produtos.<\/p>\n<p>[\/et_pb_text][\/et_pb_column][et_pb_column type=&#8221;1_2&#8243; _builder_version=&#8221;4.17.4&#8243; _module_preset=&#8221;default&#8221; global_colors_info=&#8221;{}&#8221;][et_pb_text _builder_version=&#8221;4.18.1&#8243; _module_preset=&#8221;default&#8221; header_font=&#8221;Montserrat||||||||&#8221; hover_enabled=&#8221;0&#8243; locked=&#8221;off&#8221; global_colors_info=&#8221;{}&#8221; sticky_enabled=&#8221;0&#8243;]<\/p>\n<h1 style=\"text-align: left;\">100% Recicl\u00e1vel<\/h1>\n<p><span class=\"NormalTextRun SCXW144939303 BCX4\">Nesta edi\u00e7\u00e3o da GREENTECH AMSTERDAM, iremos tamb\u00e9m apresentar uma gama de produtos transversal a v\u00e1rios sectores de <\/span><span class=\"NormalTextRun SCXW144939303 BCX4\">atividade<\/span><span class=\"NormalTextRun SCXW144939303 BCX4\">, a gama EVOPACK &#8211; uma solu\u00e7\u00e3o eficaz e amiga do ambiente para proteger os seus produtos<\/span>. <span class=\"TextRun SCXW36274905 BCX4\" lang=\"PT-PT\" xml:lang=\"PT-PT\" data-contrast=\"auto\"><span class=\"NormalTextRun SCXW36274905 BCX4\">A nossa gama EVOPACK al\u00e9m de ser <\/span><span class=\"NormalTextRun SCXW36274905 BCX4\">multiuso<\/span><\/span><span class=\"TextRun SCXW36274905 BCX4\" lang=\"PT-PT\" xml:lang=\"PT-PT\" data-contrast=\"auto\"><span class=\"NormalTextRun SCXW36274905 BCX4\"> \u00e9 SUSTENT\u00c1VEL<\/span><\/span>.<\/p>\n<p>&nbsp;<\/p>\n<h1 style=\"text-align: left;\">Encontramo-nos l\u00e1!<\/h1>\n<p>[\/et_pb_text][et_pb_image src=&#8221;https:\/\/exporplas.pt\/wp-content\/uploads\/2022\/06\/Stand1_Op.jpg&#8221; title_text=&#8221;Stand1_Op&#8221; _builder_version=&#8221;4.17.4&#8243; _module_preset=&#8221;default&#8221; global_colors_info=&#8221;{}&#8221;][\/et_pb_image][et_pb_image src=&#8221;https:\/\/exporplas.pt\/wp-content\/uploads\/2022\/06\/Entrance1_Op.jpg&#8221; title_text=&#8221;Entrance1_Op&#8221; _builder_version=&#8221;4.17.4&#8243; _module_preset=&#8221;default&#8221; global_colors_info=&#8221;{}&#8221;][\/et_pb_image][\/et_pb_column][\/et_pb_row][\/et_pb_section]<\/p>\n","protected":false},"excerpt":{"rendered":"<p>EXPORPL\u00c1S\u00a0NA GREENTECH AMSTERDAMN\u00e3o \u00e9 t\u00e3o simples como se pensa! \u00a0 Sabia que o fio hort\u00edcola antes de ser utilizado tem que cumprir uma s\u00e9rie de requisitos t\u00e9cnicos, que parecendo simples, fazem toda a diferen\u00e7a na sua performance? N\u00e3o \u00e9 t\u00e3o simples como se pensa.Caracter\u00edsticas como a resist\u00eancia ao desgaste, a capacidade de queda livre, a suavidade e flexibilidade ou a estabilidade na prote\u00e7\u00e3o contra os raios UV, s\u00e3o parte da cont\u00ednua pesquisa e desenvolvimento do departamento de I&amp;D da EXPORPL\u00c1S. \u00a0 Procuramos sempre melhorar o equil\u00edbrio entre todas as diversas propriedades que s\u00e3o determinantes na performance da nossa gama de produtos.100% Recicl\u00e1vel Nesta edi\u00e7\u00e3o da GREENTECH AMSTERDAM, iremos tamb\u00e9m apresentar uma gama de produtos transversal a v\u00e1rios sectores de atividade, a gama EVOPACK &#8211; uma solu\u00e7\u00e3o eficaz e amiga do ambiente para proteger os seus produtos. A nossa gama EVOPACK al\u00e9m de ser multiuso \u00e9 SUSTENT\u00c1VEL. &nbsp; Encontramo-nos l\u00e1!<\/p>\n","protected":false},"author":0,"featured_media":0,"parent":0,"menu_order":0,"comment_status":"closed","ping_status":"closed","template":"","meta":{"_et_pb_use_builder":"on","_et_pb_old_content":"","_et_gb_content_width":"","footnotes":""},"class_list":["post-229701","page","type-page","status-publish","hentry"],"_links":{"self":[{"href":"https:\/\/exporplas.pt\/pt-pt\/wp-json\/wp\/v2\/pages\/229701","targetHints":{"allow":["GET"]}}],"collection":[{"href":"https:\/\/exporplas.pt\/pt-pt\/wp-json\/wp\/v2\/pages"}],"about":[{"href":"https:\/\/exporplas.pt\/pt-pt\/wp-json\/wp\/v2\/types\/page"}],"replies":[{"embeddable":true,"href":"https:\/\/exporplas.pt\/pt-pt\/wp-json\/wp\/v2\/comments?post=229701"}],"version-history":[{"count":0,"href":"https:\/\/exporplas.pt\/pt-pt\/wp-json\/wp\/v2\/pages\/229701\/revisions"}],"wp:attachment":[{"href":"https:\/\/exporplas.pt\/pt-pt\/wp-json\/wp\/v2\/media?parent=229701"}],"curies":[{"name":"wp","href":"https:\/\/api.w.org\/{rel}","templated":true}]}}

<p>[et_pb_section fb_built=&#8221;1&#8243; _builder_version=&#8221;4.16&#8243; _module_preset=&#8221;default&#8221; background_color=&#8221;#FFFFFF&#8221; background_color_gradient_start=&#8221;#ffffff&#8221; background_color_gradient_end=&#8221;#dddddd&#8221; z_index=&#8221;3&#8243; custom_margin=&#8221;||1px||false|false&#8221; custom_margin_tablet=&#8221;||180px||false|false&#8221; custom_margin_phone=&#8221;||170px||false|false&#8221; custom_margin_last_edited=&#8221;on|phone&#8221; custom_padding=&#8221;45px||45px||false|false&#8221; global_colors_info=&#8221;{}&#8221;][et_pb_row column_structure=&#8221;1_2,1_2&#8243; _builder_version=&#8221;4.17.4&#8243; _module_preset=&#8221;default&#8221; custom_padding=&#8221;0px|||||&#8221; locked=&#8221;off&#8221; global_colors_info=&#8221;{}&#8221;][et_pb_column type=&#8221;1_2&#8243; _builder_version=&#8221;4.16&#8243; _module_preset=&#8221;default&#8221; global_colors_info=&#8221;{}&#8221;][et_pb_image src=&#8221;https://exporplas.pt/wp-content/uploads/2022/06/GREENTECH_2022.png&#8221; title_text=&#8221;GREENTECH_2022&#8243; _builder_version=&#8221;4.17.4&#8243; _module_preset=&#8221;default&#8221; global_colors_info=&#8221;{}&#8221;][/et_pb_image][et_pb_text _builder_version=&#8221;4.18.1&#8243; _module_preset=&#8221;default&#8221; text_font=&#8221;|300|||||||&#8221; text_text_color=&#8221;#1174ee&#8221; text_font_size=&#8221;35px&#8221; text_line_height=&#8221;1.2em&#8221; header_3_font=&#8221;Montserrat|600|||||||&#8221; header_3_text_color=&#8221;#6CAF3F&#8221; header_3_font_size=&#8221;35px&#8221; text_orientation=&#8221;center&#8221; text_font_size_tablet=&#8221;35px&#8221; text_font_size_phone=&#8221;35px&#8221; text_font_size_last_edited=&#8221;on|phone&#8221; header_font_size_tablet=&#8221;&#8221; header_font_size_phone=&#8221;30px&#8221; header_font_size_last_edited=&#8221;on|phone&#8221; header_3_font_size_tablet=&#8221;35px&#8221; header_3_font_size_phone=&#8221;26px&#8221; header_3_font_size_last_edited=&#8221;on|phone&#8221; global_colors_info=&#8221;{}&#8221;]</p>
<h3 style="text-align: left;"><span class="TextRun SCXW255239684 BCX4" lang="EN-GB" xml:lang="EN-GB" data-contrast="auto"><span class="NormalTextRun SCXW255239684 BCX4">EXPORPLÁS </span></span><span class="TextRun SCXW255239684 BCX4" lang="EN-GB" xml:lang="EN-GB" data-contrast="auto"><span class="NormalTextRun SCXW255239684 BCX4">NA GREENTECH AMSTERDAM</span></span></h3>
<p>[/et_pb_text][et_pb_text _builder_version=&#8221;4.18.1&#8243; _module_preset=&#8221;default&#8221; header_font=&#8221;Montserrat||||||||&#8221; locked=&#8221;off&#8221; global_colors_info=&#8221;{}&#8221;]</p>
<h1 style="text-align: left;"><em>Não é tão simples como se pensa!</em></h1>
<p>  Sabia que o fio hortícola antes de ser utilizado tem que cumprir uma série de requisitos técnicos, que parecendo simples, fazem toda a diferença na sua performance? Não é tão simples como se pensa.</p>
<p>[/et_pb_text][et_pb_text _builder_version=&#8221;4.17.4&#8243; _module_preset=&#8221;default&#8221; locked=&#8221;off&#8221; global_colors_info=&#8221;{}&#8221;]</p>
<p><span class="NormalTextRun SCXW188059292 BCX4">Características como a resistência ao desgaste, a capacidade de queda livre, a suavidade e flexibilidade ou a estabilidade na </span><span class="NormalTextRun SCXW188059292 BCX4">proteção</span><span class="NormalTextRun SCXW188059292 BCX4"> contra os raios UV, são parte da contínua pesquisa e desenvolvimento do departamento de I&amp;D da EXPORPLÁS.</span>   Procuramos sempre melhorar o equilíbrio entre todas as diversas propriedades que são determinantes na performance da nossa gama de produtos.</p>
<p>[/et_pb_text][/et_pb_column][et_pb_column type=&#8221;1_2&#8243; _builder_version=&#8221;4.17.4&#8243; _module_preset=&#8221;default&#8221; global_colors_info=&#8221;{}&#8221;][et_pb_text _builder_version=&#8221;4.18.1&#8243; _module_preset=&#8221;default&#8221; header_font=&#8221;Montserrat||||||||&#8221; hover_enabled=&#8221;0&#8243; locked=&#8221;off&#8221; global_colors_info=&#8221;{}&#8221; sticky_enabled=&#8221;0&#8243;]</p>
<h1 style="text-align: left;">100% Reciclável</h1>
<p><span class="NormalTextRun SCXW144939303 BCX4">Nesta edição da GREENTECH AMSTERDAM, iremos também apresentar uma gama de produtos transversal a vários sectores de </span><span class="NormalTextRun SCXW144939303 BCX4">atividade</span><span class="NormalTextRun SCXW144939303 BCX4">, a gama EVOPACK &#8211; uma solução eficaz e amiga do ambiente para proteger os seus produtos</span>. <span class="TextRun SCXW36274905 BCX4" lang="PT-PT" xml:lang="PT-PT" data-contrast="auto"><span class="NormalTextRun SCXW36274905 BCX4">A nossa gama EVOPACK além de ser </span><span class="NormalTextRun SCXW36274905 BCX4">multiuso</span></span><span class="TextRun SCXW36274905 BCX4" lang="PT-PT" xml:lang="PT-PT" data-contrast="auto"><span class="NormalTextRun SCXW36274905 BCX4"> é SUSTENTÁVEL</span></span>.</p>
<p>&nbsp;</p>
<h1 style="text-align: left;">Encontramo-nos lá!</h1>
<p>[/et_pb_text][et_pb_image src=&#8221;https://exporplas.pt/wp-content/uploads/2022/06/Stand1_Op.jpg&#8221; title_text=&#8221;Stand1_Op&#8221; _builder_version=&#8221;4.17.4&#8243; _module_preset=&#8221;default&#8221; global_colors_info=&#8221;{}&#8221;][/et_pb_image][et_pb_image src=&#8221;https://exporplas.pt/wp-content/uploads/2022/06/Entrance1_Op.jpg&#8221; title_text=&#8221;Entrance1_Op&#8221; _builder_version=&#8221;4.17.4&#8243; _module_preset=&#8221;default&#8221; global_colors_info=&#8221;{}&#8221;][/et_pb_image][/et_pb_column][/et_pb_row][/et_pb_section]</p>

<p>EXPORPLÁS NA GREENTECH AMSTERDAMNão é tão simples como se pensa!   Sabia que o fio hortícola antes de ser utilizado tem que cumprir uma série de requisitos técnicos, que parecendo simples, fazem toda a diferença na sua performance? Não é tão simples como se pensa.Características como a resistência ao desgaste, a capacidade de queda livre, a suavidade e flexibilidade ou a estabilidade na proteção contra os raios UV, são parte da contínua pesquisa e desenvolvimento do departamento de I&amp;D da EXPORPLÁS.   Procuramos sempre melhorar o equilíbrio entre todas as diversas propriedades que são determinantes na performance da nossa gama de produtos.100% Reciclável Nesta edição da GREENTECH AMSTERDAM, iremos também apresentar uma gama de produtos transversal a vários sectores de atividade, a gama EVOPACK &#8211; uma solução eficaz e amiga do ambiente para proteger os seus produtos. A nossa gama EVOPACK além de ser multiuso é SUSTENTÁVEL. &nbsp; Encontramo-nos lá!</p>
